00202
What is -101100011001 (base 2) in base 13?
-13a7
What is -141ba (base 14) in base 6?
-1022200
-69d (base 14) to base 3
-1210201
-1b5b (base 14) to base 7
-20344
What is -2343 (base 7) in base 11?
-716
Convert -1010000001 (base 2) to base 10.
-641
153 (base 8) to base 14
79
Convert 126130 (base 7) to base 4.
11302321
-2062 (base 12) to base 4
-313022
-19185 (base 12) to base 2
-1000111010110101
-1033014 (base 5) to base 6
-214444
What is -b48c (base 13) in base 11?
-17830
What is c35 (base 14) in base 11?
1891
What is 16b (base 12) in base 14?
123
What is -22061 (base 7) in base 11?
-4179
-4556 (base 14) to base 11
-9049
Convert 8287 (base 10) to base 2.
10000001011111
Convert 26403 (base 10) to base 3.
1100012220
What is -c02 (base 14) in base 3?
-10020012
Convert -19a (base 11) to base 4.
-3212
What is 289b (base 15) in base 4?
2013320
Convert -34424 (base 8) to base 2.
-11100100010100
Convert 22100 (base 3) to base 2.
11100001
12211211 (base 3) to base 7
15265
What is 7500 (base 8) in base 4?
331000
Convert -110111000100100 (base 2) to base 3.
-1102200022
Convert -1000100110011 (base 2) to base 3.
-20001002
Convert 100 (base 10) to base 13.
79
-10022202 (base 3) to base 13
-1145
What is 42 (base 7) in base 9?
33
What is 1200100 (base 3) in base 11?
a13
What is -17046 (base 8) in base 10?
-7718
-17e0 (base 16) to base 8
-13740
1223020 (base 4) to base 10
6856
Convert 3b9 (base 12) to base 6.
2353
Convert -963 (base 10) to base 4.
-33003
Convert -11039 (base 10) to base 15.
-340e
Convert 1294 (base 12) to base 11.
1665
What is 111010101000101 (base 2) in base 4?
13111011
Convert -b676 (base 13) to base 15.
-7753
What is -120 (base 7) in base 11?
-58
-1264 (base 7) to base 6
-2131
What is -347 (base 15) in base 2?
-1011100110
-298 (base 12) to base 4
-12110
Convert -1110101011100 (base 2) to base 8.
-16534
20042 (base 5) to base 3
1202010
-282 (base 14) to base 16
-1fa
Convert -373 (base 8) to base 11.
-209
Convert 110111101 (base 2) to base 14.
23b
Convert -511 (base 15) to base 4.
-101311
-1011100011 (base 2) to base 11
-612
What is 1502 (base 8) in base 9?
1126
What is 140030 (base 7) in base 15?
7c72
Convert 1528a (base 13) to base 15.
bcb8
Convert -6345 (base 12) to base 11.
-8177
122313 (base 4) to base 13
a23
What is -37b (base 14) in base 3?
-221211
-243451 (base 6) to base 13
-9a75
Convert 20012 (base 4) to base 12.
372
-32610 (base 8) to base 15
-40d9
Convert 113 (base 12) to base 3.
12220
1c (base 16) to base 9
31
What is -18596 (base 10) in base 7?
-105134
Convert -7a (base 11) to base 3.
-10020
What is -10030 (base 5) in base 16?
-280
Convert -232013 (base 4) to base 2.
-101110000111
4296 (base 11) to base 14
20d1
-16c (base 14) to base 7
-565
13127 (base 8) to base 11
432a
What is -5c01 (base 13) in base 9?
-18760
What is 221011202 (base 3) in base 4?
10132301
Convert 30102331 (base 4) to base 12.
25191
What is -11200211 (base 3) in base 12?
-1b94
Convert -643 (base 10) to base 14.
-33d
Convert 80a (base 12) to base 2.
10010001010
What is 1627 (base 16) in base 10?
5671
What is 3170 (base 11) in base 14?
1755
Convert 2081 (base 11) to base 14.
1007
What is 440442 (base 5) in base 12?
8902
ac3 (base 15) to base 9
3303
-146141 (base 7) to base 12
-1462b
What is 843 (base 13) in base 2?
10101111111
What is -1e0 (base 15) in base 3?
-121010
What is -33e7 (base 15) in base 4?
-2230021
Convert -d85a (base 16) to base 11.
-38681
-4450 (base 6) to base 2
-10000001110
Convert -686 (base 11) to base 7.
-2251
Convert -5860 (base 9) to base 6.
-32043
-3355 (base 12) to base 16
-1631
What is -1131 (base 7) in base 16?
-19e
4012 (base 14) to base 9
16063
Convert -1b3 (base 12) to base 9.
-340
What is 322002 (base 4) in base 7?
13554
Convert -3031 (base 11) to base 15.
-12d7
Convert 474 (base 9) to base 6.
1451
What is -538 (base 9) in base 7?
-1166
-47025 (base 9) to base 3
-1121000212
-31 (base 8) to base 3
-221
What is 454 (base 10) in base 11?
383
What is 2165 (base 9) in base 12?
b12
What is -17ca (base 14) in base 4?
-1003012
8af1 (base 16) to base 12
18701
-497 (base 13) to base 4
-30200
Convert aa (base 11) to base 9.
143
Convert 10355 (base 6) to base 5.
21224
What is -110000000101 (base 2) in base 4?
-300011
36a55 (base 11) to base 8
147673
Convert 3783 (base 11) to base 15.
16db
Convert 15c48 (base 15) to base 13.
25ca3
Convert -283 (base 10) to base 7.
-553
Convert -14535 (base 8) to base 3.
-22220111
What is -18b46 (base 12) in base 3?
-1211122200
1043 (base 5) to base 2
10010100
What is 46743 (base 8) in base 9?
30314
-10062 (base 10) to base 2
-10011101001110
What is -21002 (base 3) in base 11?
-164
Convert 233 (base 8) to base 12.
10b
What is d76 (base 16) in base 10?
3446
-202 (base 14) to base 4
-12022
6ab (base 16) to base 5
23312
What is 1121212201 (base 3) in base 2?
111110011110011
Convert -214 (base 11) to base 12.
-195
What is 3028 (base 9) in base 8?
4245
What is -611b (base 12) in base 11?
-7a08
What is -20110 (base 3) in base 14?
-c6
-1402 (base 7) to base 6
-2301
Convert -69f4 (base 16) to base 11.
-19419
Convert -5f0 (base 16) to base 4.
-113300
Convert -7a (base 13) to base 6.
-245
Convert 13222 (base 4) to base 11.
406
-3412 (base 7) to base 13
-73c
Convert -16559 (base 12) to base 2.
-111110010010101
What is 1130314 (base 5) in base 16?
50e5
-10000000110 (base 2) to base 8
-2006
What is 15fb (base 16) in base 7?
22256
-1efe (base 16) to base 13
-37c4
Convert 414024 (base 5) to base 4.
3111013
What is -c1 (base 15) in base 2?
-10110101
Convert -4190 (base 14) to base 16.
-2c22
5a81 (base 11) to base 9
11817
What is -3225 (base 9) in base 6?
-14552
What is -1002112221 (base 3) in base 8?
-52050
What is -1dd (base 14) in base 8?
-607
-113032 (base 4) to base 8
-2716
Convert 114 (base 16) to base 13.
183
What is -67 (base 16) in base 4?
-1213
10343 (base 5) to base 2
1011010011
What is -414 (base 7) in base 16?
-cf
What is -10101100111 (base 2) in base 14?
-70b
Convert -7212 (base 8) to base 6.
-25122
Convert -111002110 (base 3) to base 4.
-2111013
Convert -528 (base 10) to base 2.
-1000010000
Convert -117b (base 13) to base 9.
-3342
Convert -d07 (base 14) to base 9.
-3448
-31223 (base 5) to base 11
-1606
Convert 1077 (base 12) to base 7.
5206
What is 1122122 (base 3) in base 14?
621
What is 1056 (base 10) in base 14?
556
Convert -3a8 (base 14) to base 7.
-2101
What is -44154 (base 6) in base 9?
-8347
What is 11034 (base 5) in base 10?
769
Convert -3110 (base 7) to base 16.
-43d
Convert -230313 (base 4) to base 14.
-1091
What is -694d (base 14) in base 5?
-1041142
-1001101111100110 (base 2) to base 8
-115746
What is -322 (base 9) in base 2?
-100000111
Convert 2c55 (base 14) to base 8.
17353
-2309 (base 11) to base 14
-116a
Convert -153054 (base 7) to base 8.
-72270
Convert 344024 (base 5) to base 15.
3a0e
-111110010000 (base 2) to base 5
-111414
What is -13000 (base 4) in base 6?
-2024
-aaa4 (base 12) to base 16
-499c
What is 20102100 (base 3) in base 15?
15c0
Convert -1443 (base 6) to base 5.
-3022
-101110101011 (base 2) to base 7
-11465
What is 388 (base 11) in base 9?
560
What is 811 (base 16) in base 2?
100000010001
What is 10324 (base 6) in base 16?
58c
What is -79 (base 13) in base 3?
-10201
What is -44232 (base 10) in base 15?
-d18c
What is 361 (base 8) in base 11?
1aa
21012222 (base 3) to base 13
251c
339 (base 13) to base 14
2b9
-167 (base 8) to base 7
-230
1791 (base 13) to base 11
26a0
1227 (base 10) to base 6
5403
What is -10120222 (base 3) in base 8?
-5072
What is 52f (base 16) in base 13?
7b1
Convert 103343 (base 6) to base 2.
10000101101111
Convert -552 (base 10) to base 14.
-2b6
What is 1203203 (base 4) in base 2?
1100011100011
-61 (base 15) to base 10
-91
What is -479 (base 14) in base 6?
-4043
1010110100 (base 2) to base 9
848
Convert -20b9 (base 16) to base 2.
-10000010111001
Convert -8971 (base 15) to base 14.
-a88b
Convert 1011100001011 (base 2) to base 13.
28ba
What is 12233 (base 9) in base 10?
8211
What is -b2d2 (base 15) in base 4?
-21032030
79b (base 14) to base 4
113211
-43444 (base 7) to base 3
-112220021
2221212 (base 3) to base 5
32111
Convert 121500 (base 6) to base 9.
15680
What is 30100 (base 4) in base 16?
310
-121330 (base 4) to base 12
-b64
-2329 (base 10) to base 3
-1001